y + 4 = -4*y. Suppose s = 3*l + m - 19 - 48, 0 = 2*l - 4*m - 26. What are the prime factors of l?
3, 7
Let g(f) = -216*f + 20. List the prime factors of g(-7).
2, 383
Let c(i) = -5*i. Suppose 3*o = 8 + 55. Suppose -9 = -2*t - o. List the prime factors of c(t).
2, 3, 5
Let v(y) = y**2 - y + 2. Let g be v(0). Suppose -u + 84 = g*p + 3*p, -4*p + 420 = 5*u. List the prime factors of u.
2, 3, 7
Let o be 0 + 0 + -1 - -3. Suppose o*t = -t + 27. Let f(l) = l**3 - 9*l**2 + 2*l + 11. What are the prime factors of f(t)?
29
Let v = -7 - -11. Let q(p) = -21*p - 4. Let d be q(-4). Suppose -d = -j - v*j. List the prime factors of j.
2
Let q be -3 - (-5)/(10/478). Suppose r + q = 5*r. What are the prime factors of r?
59
Suppose 4*h = -12, -16 - 9 = -5*a + 5*h. Let k(f) = -2 - 7*f + 7*f + 8*f**a. What are the prime factors of k(2)?
2, 3, 5
Suppose 3 - 6 = -h + 2*r, h + 2*r = -13. Let n(v) = -v**2 - 10*v - 6. What are the prime factors of n(h)?
19
Suppose -2186*b = -2183*b - 13668. List the prime factors of b.
2, 17, 67
Let p be 3/4 - 375/(-12). Suppose v - 49 = -a, a - p - 5 = -5*v. List the prime factors of a.
2, 13
Let p(r) = -r**2 + 9*r + 34. What are the prime factors of p(8)?
2, 3, 7
Let b(k) = -2 + 4*k + 11*k**2 + k**3 - 4*k. Let u be b(-11). Let p = u + 36. What are the prime factors of p?
2, 17
Let x be (-5)/(-25) - (-42)/15 - -4. Let g(l) = 11*l + 17. List the prime factors of g(x).
2, 47
Let y(t) = -t**3 + 11*t**2 - 11*t + 4. Let z be y(10). Let i be ((-8)/12)/(z/297). Let g = -17 + i. List the prime factors of g.
2
Suppose 5*w - 3*l - 25 = -8*l, -3*l = 2*w - 11. Let a = w - 1. What are the prime factors of 13*a/(-3)*-1?
13
Let t(g) = 11*g**2 - 1. Let x be t(-2). Suppose z - 1 = -6. Let r = x + z. List the prime factors of r.
2, 19
List the prime factors of -6 + -1 + 1 + (1327 - 4).
3, 439
Let a(c) = -c**3 - 7*c**2 - c - 2. Let k be a(-7). Suppose 0 = -14*r + 19*r - 65. Suppose k = 3*q + 2*q, -2*i + r = q. List the prime factors of i.
2, 3
Let y be 13280/70 + 4/14. Suppose 28*d - 26*d - y = 0. What are the prime factors of d?
5, 19
Let g(j) = 5*j - 6. Let v be g(7). Let w = v - 14. What are the prime factors of w?
3, 5
Let a(c) = 4*c**2 + 3*c - 5. Let t be a(-3). Let x = t - -6. What are the prime factors of x?
2, 7
Let t(q) = q + 3. Let a be t(0). Suppose 0 + 9 = -s - a*i, s = -i - 7. Let c = s - -25. What are the prime factors of c?
19
Suppose 3 - 37 = 2*k. Let z = k + 10. Let s = 28 + z. What are the prime factors of s?
3, 7
Let c(l) = l**3 + 2*l**2 + 2*l + 2. Let q be c(-2). Let m(w) = 3*w**3 - 3*w - 2. Let h be m(q). Let j = h - -33. List the prime factors of j.
13
What are the prime factors of (-1 - 4 - 2)/(22/(-13970))?
5, 7, 127
List the prime factors of -1*178*((-65)/10 + 3).
7, 89
Let d(j) = -1 + 1 + 9*j + 2. Let f(g) = -g**3 + 3*g**2 + 2*g - 4. Let o be f(3). What are the prime factors of d(o)?
2, 5
Let k(b) be the second derivative of 5*b - 4/3*b**3 + 0 - 2*b**2. What are the prime factors of k(-6)?
2, 11
Suppose 11 = -w - 10. Let v be (-2)/7 + 8/28. List the prime factors of 1 - (w - v/(-2)).
2, 11
Let k be (-27)/15 + 2 - 267/(-15). Suppose -1 + k = n. What are the prime factors of n?
17
List the prime factors of (-1)/(-3) + 26448/36.
3, 5, 7
Let h be (-19 + 7)*(-2)/3. Suppose 8 = -2*y + c - 0, 4*c = -4*y + h. List the prime factors of (22/(-33))/(y/24).
2
Suppose n = t + 2*t + 195, -2*t + 422 = 2*n. What are the prime factors of n?
3, 23
List the prime factors of -4 + 2350/5 + -7.
3, 17
What are the prime factors of 147*7/((-21)/(-40))?
2, 5, 7
Suppose 3*p + w + 3*w = 40, 44 = 5*p + w. Suppose p = -5*u + 4*l, 2 = -3*u - 2*l + 6. Let f(m) = m + 32. List the prime factors of f(u).
2
Suppose 6681 = 2*v + 3*d - 0*d, -5*d + 10024 = 3*v. What are the prime factors of v?
3, 11, 101
Let o(x) = x**3 - 10*x**2 + 9*x + 2. Suppose 2*l = 4*l - 18. List the prime factors of o(l).
2
Suppose 4*v - v + 2490 = 5*b, 5*b + v - 2490 = 0. List the prime factors of b.
2, 3, 83
Suppose r + 5*m - 25 = 2*r, r - 10 = -2*m. Suppose -4*y = 2*l + l + 7, r = 4*y + 5*l + 9. Let b = 1 - y. What are the prime factors of b?
2
Let d = 81 - 23. Suppose 2*i - 2*w = d, i + 0*w - 37 = -3*w. Suppose 0 = c - 2*c + i. List the prime factors of c.
31
List the prime factors of ((1377/5)/9)/(1/5).
3, 17
Let k(a) = -20*a - 3. Let o be k(-4). Suppose 0 = -5*h - 58 - o. Let l = 4 - h. List the prime factors of l.
31
Suppose 4*a - 4*j - 280 = 0, -a + 5*a = -5*j + 280. Let b = a + -2. List the prime factors of b.
2, 17
Let t(r) = 16*r + 71. What are the prime factors of t(26)?
487
Suppose 5*k + 2 = -4*x - 13, -5*k = 5*x + 15. Let n be x*(-2 - 20/(-12)). Suppose -6*d + 11*d - 60 = n. List the prime factors of d.
2, 3
Suppose m = -5*t - 2*m + 10, m + 4 = 2*t. Suppose 0*x + 158 = -t*x. Let w = x - -126. What are the prime factors of w?
47
What are the prime factors of (-5 - -3) + (3758 - -4)?
2, 5, 47
Let d(o) = 39*o**2 + 11. What are the prime factors of d(5)?
2, 17, 29
List the prime factors of 31636/28 - (-12)/(-14).
1129
Let n = 2288 + -1062. List the prime factors of n.
2, 613
Let l be (51/15)/(2/10). Suppose 0 = -l*w + 22*w - 95. List the prime factors of w.
19
Suppose -4*a = -0*a - 296. Let f = 142 - a. Suppose -38 = -3*u - 4*k + f, 5*u - k = 146. What are the prime factors of u?
2, 3, 5
Suppose -3*g - 21 - 15 = 0. Let a be (-4)/16 + (-651)/g. Suppose 4*x = 46 + a. List the prime factors of x.
5
Suppose 0 = -r + 4*v - 1 - 4, -13 = -5*r + v. Suppose -17 - 40 = r*j. Let t = j - -36. List the prime factors of t.
17
Let m(t) be the first derivative of -t**4/4 - 11*t**3/3 - 11*t**2/2 - 5*t + 2. Let a be m(-10). Suppose 72 = a*z - z. List the prime factors of z.
2, 3
Let x(u) be the second derivative of -u**3/6 - u**2/2 + u. Let q be x(-7). Suppose z - 41 + q = -4*f, 2*f = -2*z + 46. What are the prime factors of z?
19
Let p = 6 - 6. Suppose 12*u - 5*u + 4816 = p. List the prime factors of u/(-18) + (-14)/63.
2, 19
Let a(b) = 2*b**3 + 6*b**2 - 45*b - 13. What are the prime factors of a(9)?
2, 7, 109
Let p(h) = -h**3 + 13*h**2 - 12*h + 8. Let j be p(12). Let k(o) = 8 + 7 + j*o + o**3 - 1 + 9*o**2. List the prime factors of k(-8).
2, 7
Suppose 0 = -q - 3*i + 1221, 3*q - 5*i + 768 - 4459 = 0. What are the prime factors of q?
3, 409
Let z(r) = -17*r + 10. Let g be z(-4). Suppose 7*y - g + 22 = 0. What are the prime factors of (y/24)/((-1)/(-141))?
47
Let k be (2/4)/(2/(-12)). Suppose 3*t - 2*x = 66, -4*t = 3*x - 0*x - 71. List the prime factors of (k + t/5)*59.
59
Suppose 0 = 5*s - a - 4137, 40*a + 8 = 36*a. What are the prime factors of s?
827
Suppose 2*h + 426 = 4*j, -4*h + 325 = 2*j + j. Let z = -14 + j. What are the prime factors of z?
3, 31
What are the prime factors of (-8)/(-2) - (1 + -162)?
3, 5, 11
Let a = 1525 - 100. List the prime factors of a.
3, 5, 19
Suppose 8 = -5*b - 17. Let y be 2*b*(-22)/55. Suppose y*f + f = 165. What are the prime factors of f?
3, 11
Let a be (2 + -6)*(-3)/3. Suppose -2*b + 4*x + 122 = 0, 2*b = a*b - 2*x - 112. Let r = -33 + b. What are the prime factors of r?
2, 3
Let k = -16 - -12. List the prime factors of -3 - (k - 0 - -3 - 191).
3, 7
List the prime factors of (-19662)/(-29) - -2*3/2.
3, 227
Let f(v) = 119*v - 542. What are the prime factors of f(22)?
2, 3, 173
Let z(b) = -b**2 + 18*b - 8. Let h be z(14). Let s = h + 69. List the prime factors of s.
3, 13
Suppose -2*s + 4*w - 16 = 0, 16 = -s + 5*w - 7. Suppose 2*y - 3*x = -15, 85 = -4*y - 0*y - 5*x. Let p = s - y. List the prime factors of p.
17
Let o(b) = 16*b**2 + 6*b - 18. What are the prime factors of o(8)?
2, 17, 31
Let p(r) = -786*r**3 - 11*r**2 - 11*r - 1. What are the prime factors of p(-1)?
5, 157
Let j = 143 - -3012. List the prime factors of j.
5, 631
Let o be (-7)/(1*(1 + 0)). Let j = -5 + o. Let c = 26 + j. What are the prime factors of c?
2, 7
Let n be ((-21)/(-9)*3)/1. Let z be (-1 - -10)/(10 - n). Suppose c + 281 = 5*k, -2*k - z*k + 4*c = -269. List the prime factors of k.
3, 19
Suppose 3*t = 0, 2*x + 4*t + 10 = 3*t. Let h(q) = -4*q - 2. What are the prime factors of h(x)?
2, 3
Let k = -23 - -20. List the prime factors of ((-9)/k)/3*-1*-62.
2, 31
Let z be (-6)/2 + -18 + 3. Let d = 32 - z. List the prime factors of (-2)/(-9) - d/(-18).
3
Let u(s) be the second derivative of 31*s**4/